it of u?
5
Let r = -71 - 136. Let u = 438 + r. What is the hundreds digit of u?
2
Let p be -1*((-15)/(-5) - 4). Let x(y) = 112*y**3 - y**2 + 2*y - 1. What is the hundreds digit of x(p)?
1
Let o(s) = -s**3 - 13*s**2 + 9*s - 17. What is the units digit of o(-14)?
3
Let f(l) = 292*l - 85. What is the units digit of f(12)?
9
Suppose -28*c = -27*c - 708. What is the units digit of c?
8
Let o(l) = 3*l**2 - 27*l + 209. What is the hundreds digit of o(35)?
9
What is the units digit of ((-58)/8)/((-138)/(-144) + -1)?
4
Let r be (2 - 4)*-4 - -3. Suppose 0 = 5*k - 5, -2*b - 5*k = -5*b + 85. Suppose 16*o - b = r*o. What is the units digit of o?
6
Let v be 10*1*12/(-20). What is the hundreds digit of (-1295)/(-10) + 3/v?
1
Let w = -324 - -457. Suppose 14*m = 13*m + w. What is the units digit of m?
3
Let w(o) = -o**2 + 22*o - 10. Let p be w(21). Let c(d) = -d**3 + 12*d**2 + 3*d + 8. Let n be c(p). Suppose 6*s - n = 210. What is the units digit of s?
2
Suppose -4*b - 5*s + 112 = 0, 0 = -b + 4*s - 2*s + 41. Suppose g - b - 16 = 0. What is the units digit of g?
9
Suppose -162 = -21*v + 1455. What is the tens digit of v?
7
Suppose -3*f + 660 = -2*z, -10 + 4 = 2*z. What is the tens digit of f?
1
Let n = 55 + -31. Suppose 2*g + 2*g = n. Suppose g*s - 130 = s. What is the tens digit of s?
2
Let q(s) = -s - 2. Let r be q(-4). Suppose -r*h = -175 - 89. What is the units digit of h?
2
Let n(q) be the first derivative of -5*q**2 + 3*q - 11. What is the tens digit of n(-6)?
6
Let o be (76 - 1)*12/(-18). Let q = 88 + o. Let m = q + -17. What is the units digit of m?
1
Let s = 13 - 12. Let i be 15/6*2 - s. Suppose -i*j + 37 = 9. What is the units digit of j?
7
Let h(l) = l + 0 + 23 + 12. What is the tens digit of h(-11)?
2
Let b(j) = j**3 + 16*j**2 - 16*j + 24. Let x be b(-17). Let l be -1 + -4 + -4 + x. What is the tens digit of 2*l*(-93)/6?
6
Let a be (-15)/(-4) + (-12)/(-48). Suppose 0*o = -a*o. Suppose i - 6*i + 250 = o. What is the units digit of i?
0
What is the hundreds digit of 46/(7/(-490)*-7)?
4
Let y(s) = -3*s**2 - s + 2. Let p be y(-5). What is the tens digit of 51/p - (-278)/8?
3
Suppose 4*c + 21 = 3*p, 4*p + 3*c = 70 - 17. Let o = -14 + p. What is the units digit of -1*(-30 - o/1)?
7
Suppose -36 = 3*p - 318. Let u = p + 133. What is the units digit of u?
7
Let q be (-24)/(-16)*(-52)/(-3). Let m = q - 30. What is the units digit of (3 + m)*-6 + 4?
0
Suppose 2394 = -43*v + 64*v. What is the units digit of v?
4
Let f be 11/(33/(-15))*(-16)/10. Let z = 15 + f. What is the units digit of z?
3
Suppose 2*f + f + 2*c - 2 = 0, -5*c = 3*f + 13. What is the units digit of (-1)/f + (-1345)/(-20)?
7
Suppose 24 = -5*m - 6. What is the tens digit of (-4 + m/(-4))*-50?
2
Let j = -254 - -495. Suppose 20*l = 19*l + j. What is the tens digit of l?
4
Let v be 48/20*45/(-6). Let x = v + 18. What is the tens digit of x - (-6 - -3) - -8?
1
Let u = 592 + -402. What is the units digit of u?
0
Suppose 4*z - 807 = -2*h - 75, -1414 = -4*h + 2*z. Suppose 5*y + 3*m - 850 = 0, -4*y - 2*m - h = -6*y. What is the tens digit of y?
7
Let f(u) = 5*u + 400. What is the units digit of f(0)?
0
Let d(b) = 4*b**2 + 24*b + 53. What is the tens digit of d(-13)?
1
What is the hundreds digit of (9 + 27)*263/4?
3
Let z = 1023 + -199. What is the hundreds digit of z?
8
Let r(i) = -6*i - 1. Let p be r(-1). Suppose -p*a + 57 = -6*a. Let h = -29 - a. What is the tens digit of h?
2
Suppose 3*s + 1 = i + 5, 5*i - 16 = 3*s. Suppose 185 = -2*c + s*c. What is the hundreds digit of c?
1
Let t(u) = -3*u + 116. What is the hundreds digit of t(-18)?
1
Suppose 5*n - 5 = 2*s + 13, -2*n = -3*s - 5. Let u(f) = f**2 - f + 1. Let l be u(s). What is the units digit of (0 - (l - -20))/(-1)?
1
Suppose 10*l - 9*l = 176. Let t = -113 + l. What is the units digit of t?
3
Suppose -8*f + 244 = -4140. What is the units digit of f?
8
Suppose 4*j = 12, 324 = -7*w + 8*w - 4*j. What is the tens digit of w?
3
Suppose -9*p + 5*p = -36. Suppose 12*k = p*k + 282. What is the tens digit of k?
9
Let j(d) be the third derivative of d**7/5040 - d**6/80 + d**5/20 - 3*d**2. Let n(p) be the third derivative of j(p). What is the units digit of n(15)?
6
Suppose 5*l = -4*k + 7939, 5*l = k + 3*l - 1975. What is the tens digit of k?
8
Suppose 24 = 3*t + 3*g, -2*t - 4*g - 2 = -20. Let d(j) = 2*j**3 - 14*j**2 + 10*j - 1. What is the units digit of d(t)?
9
Let j(l) = 259*l + 8. What is the units digit of j(2)?
6
Let n be 64/36 - 6/(-27). Suppose -n*f = f - 60. What is the tens digit of f?
2
Let f be (-2)/4*(15 - 21). What is the units digit of (-4)/f*3612/(-56)?
6
Let y = 2741 - 744. What is the tens digit of y?
9
Suppose -60*k + 95*k - 100345 = 0. What is the thousands digit of k?
2
Let s = 53 + -48. Suppose 0 = -3*r + 5*x + 107, -2*r + 0*x + 113 = s*x. What is the units digit of r?
4
Let z = -129 - -300. Let i = z - 40. What is the tens digit of i?
3
Suppose 26*z = 15*z + 19404. What is the units digit of z?
4
Suppose 2*d - 6577 = -3*s - 0*d, 4*s + 2*d = 8770. What is the tens digit of s?
9
Suppose 3*n + 9 = 3. Let u be (-205)/(-2) - 3/n. Suppose 3*z = -z + u. What is the units digit of z?
6
Let s = 128 + -190. Suppose 5*q = -360 + 890. Let k = q + s. What is the tens digit of k?
4
Let p = 1972 + 1788. What is the units digit of p?
0
Let i = 593 - 531. What is the tens digit of i?
6
Let w(z) = 9*z**2 - 11*z - 49. What is the tens digit of w(12)?
1
Let d(h) = -6*h**2 + 11. Let l(j) = 5*j**2 - 11. Let f(b) = -4*d(b) - 5*l(b). Let i be f(5). Let q = 26 + i. What is the units digit of q?
2
What is the units digit of 2 - 903/(((-3)/(-1))/(-3))?
5
What is the hundreds digit of 81*(2 + (-4 - (-4 - 2)))?
3
Let g be (9/2 + -1)*(16 - 14). What is the units digit of 37/g + 81/(-63) + 1?
5
Let s(x) = 2*x + 8. Let y be s(-15). Let p = 52 + y. Suppose -2*k + 58 = -p. What is the units digit of k?
4
Suppose 3*y - 5*b = 4*y - 273, -2*y + 546 = -b. Suppose -3*c + 2*r = -332, 3*c - 5*r - 62 - y = 0. What is the hundreds digit of c?
1
Let n(b) = 3*b**3 + 5 - 7*b - 7*b**3 + 7*b**2 + 3*b**3. Let k be (-12)/(-3) - (-1)/1. What is the tens digit of n(k)?
2
Suppose 4*x = -x + 4*g + 300, 310 = 5*x - 2*g. Let u = 295 + -252. Let m = x - u. What is the units digit of m?
1
Suppose -7*b + 10*b = 6900. Suppose -b = q - 21*q. What is the hundreds digit of q?
1
What is the hundreds digit of (6 + -22)/((-594)/(-149) + -4)?
1
Suppose 10488 = 25*n - 22362. What is the units digit of n?
4
Let c(n) = 6*n - 8. Let l be c(2). Suppose -l*s + s - 6 = 0. What is the tens digit of (20/50)/(s/(-60))?
1
Suppose 3*g = -2*g + 280. Let j = -42 + g. What is the tens digit of j?
1
Let l(x) = x**3 - 5*x**2 - 11*x - 23. What is the hundreds digit of l(9)?
2
Let j(y) = 22*y**2 - 49*y + 626. What is the hundreds digit of j(10)?
3
Suppose -8361 + 2157 = -5*h + 3*y, 0 = -h + 4*y + 1251. What is the thousands digit of h?
1
Let u = 16 - 2. Let v = -16 + u. What is the tens digit of v/(-6)*819/13?
2
Let r be (10/(-5))/(6/81). Let t = 20 - r. Suppose -164 + 35 = -3*a + 5*m, -3*m = -a + t. What is the units digit of a?
8
Suppose -12 + 0 = 3*v + 4*d, -2*d - 6 = 3*v. Suppose 0 = 3*r - 5*k - 1 - 28, v = -2*r + 5*k + 26. Suppose r*b = b + 16. What is the units digit of b?
8
Let w be ((-1)/4)/((-3)/12). Suppose w = r - 4. Suppose 0 = o - r*o + 176. What is the units digit of o?
4
Let c(l) = 27*l + 114. What is the hundreds digit of c(16)?
5
Let d(c) = -c**3 - 10*c**2 - 13*c + 2. Let f be d(-9). Let o = 22 - f. What is the units digit of 4/(o/(-60)) + 3?
8
Suppose -4*q = 4*z - 872, 2*z + 166 = 5*q + 609. What is the units digit of z?
9
Let v(k) = 3*k**2 + 2*k + 1. Suppose 3*s - 7*s - 28 = 0. What is the units digit of v(s)?
4
Let v be (-18)/(-1)*12/(-8). What is the tens digit of (-6)/v + 277/9?
3
Let v(j) = -3*j + 2. Let f be v(3). Let i(o) = o + 1. Let r(h) = h + 7. Let q(a) = -2*i(a) + r(a). What is the units digit of q(f)?
2
Let l = -26 - 0. Let m = 74 + l. Suppose -4*t - 2*k + 80 = -6*k, 4*t + 4*k = m. What is the units digit of t?
6
Let l = 76 - 74. Suppose 2*o - 98 = -4*y, o - l*o - 126 = -5*y. What is the units digit of y?
5
What is the thousands digit of 665956/522 + (-2)/(-9)?
1
Suppose 5*m = -3*r + 2262, -3*r + r + 4*m + 1486 = 0. What is the tens digit of r?
4
Suppose -3*q + 1603 = -4*m, 23 - 8 = 3*